{"id":2076,"date":"2024-05-27T17:29:09","date_gmt":"2024-05-27T15:29:09","guid":{"rendered":"http:\/\/osz.filmbildung-brandenburg.de\/start\/?page_id=2076"},"modified":"2024-06-10T20:11:03","modified_gmt":"2024-06-10T18:11:03","slug":"elektro","status":"publish","type":"page","link":"https:\/\/osz-teltow.de\/index.php\/elektro\/","title":{"rendered":"elektro"},"content":{"rendered":"\n<h2 class=\"wp-block-heading alignwide has-text-align-center\">Fachbereich Elektro<\/h2>\n\n\n\n<div style=\"height:73px\" aria-hidden=\"true\" class=\"wp-block-spacer\"><\/div>\n\n\n\n<figure class=\"wp-block-image alignwide size-large\"><img loading=\"lazy\" decoding=\"async\" width=\"1998\" height=\"1124\" src=\"http:\/\/osz.filmbildung-brandenburg.de\/wp-content\/uploads\/2024\/05\/Firefly-zwei-OAuszubildender-Elektroinstallateure-bei-einer-typischen-Arbeitsroutine-mit-einer-Schal-edited.jpg\" alt=\"\" class=\"wp-image-2080\" srcset=\"https:\/\/osz-teltow.de\/wp-content\/uploads\/2024\/05\/Firefly-zwei-OAuszubildender-Elektroinstallateure-bei-einer-typischen-Arbeitsroutine-mit-einer-Schal-edited.jpg 1998w, https:\/\/osz-teltow.de\/wp-content\/uploads\/2024\/05\/Firefly-zwei-OAuszubildender-Elektroinstallateure-bei-einer-typischen-Arbeitsroutine-mit-einer-Schal-edited-300x169.jpg 300w, https:\/\/osz-teltow.de\/wp-content\/uploads\/2024\/05\/Firefly-zwei-OAuszubildender-Elektroinstallateure-bei-einer-typischen-Arbeitsroutine-mit-einer-Schal-edited-1024x576.jpg 1024w, https:\/\/osz-teltow.de\/wp-content\/uploads\/2024\/05\/Firefly-zwei-OAuszubildender-Elektroinstallateure-bei-einer-typischen-Arbeitsroutine-mit-einer-Schal-edited-768x432.jpg 768w, https:\/\/osz-teltow.de\/wp-content\/uploads\/2024\/05\/Firefly-zwei-OAuszubildender-Elektroinstallateure-bei-einer-typischen-Arbeitsroutine-mit-einer-Schal-edited-1536x864.jpg 1536w\" sizes=\"auto, (max-width: 1998px) 100vw, 1998px\" \/><\/figure>\n\n\n\n<div id=\"wp-block-themeisle-blocks-advanced-columns-1ef31132\" class=\"wp-block-themeisle-blocks-advanced-columns alignwide has-2-columns has-desktop-equal-layout has-tablet-equal-layout hide-in-mobile has-vertical-unset\"><div class=\"wp-block-themeisle-blocks-advanced-columns-overlay\"><\/div><div class=\"innerblocks-wrap\">\n<div id=\"wp-block-themeisle-blocks-advanced-column-da7dc85f\" class=\"wp-block-themeisle-blocks-advanced-column\">\n<h3 class=\"wp-block-heading\"><strong>WAS MACHEN EIGENTLICH&#8230;?<\/strong><\/h3>\n<\/div>\n\n\n\n<div id=\"wp-block-themeisle-blocks-advanced-column-2f29382b\" class=\"wp-block-themeisle-blocks-advanced-column\">\n<h4 class=\"wp-block-heading\"><strong>Elektroniker\/innen f\u00fcr Energie- und Geb\u00e4udetechnik<\/strong><\/h4>\n\n\n\n<ul class=\"wp-block-list\">\n<li>konzipieren, installieren, warten und reparieren elektronische Ger\u00e4te und Systeme, einschlie\u00dflich Kundenservice<\/li>\n\n\n\n<li>arbeiten mit energie- und geb\u00e4udetechnischen Anlagen und Systemen<\/li>\n\n\n\n<li>installieren u.a. Zugangskontroll- und Sicherheitseinrichtungen, Klima- und Sonnenschutzanlagen<\/li>\n\n\n\n<li>pr\u00fcfen Sicherheits- und Schutzfunktionen von elektrischen Anlagen<\/li>\n\n\n\n<li>arbeiten auf Montagebaustellen, z.B. Rohbauten gewerblicher und industrieller Immobilien<\/li>\n\n\n\n<li>planen und realisieren selbst\u00e4ndig Auftr\u00e4ge serviceorientiert f\u00fcr Kunden vor Ort<\/li>\n<\/ul>\n\n\n\n<p><\/p>\n\n\n\n<p><strong>Weiterbildungsm\u00f6glichkeiten<\/strong><\/p>\n\n\n\n<ul class=\"wp-block-list\">\n<li>Industriemeister Fachrichtung Elektrotechnik<\/li>\n\n\n\n<li>Techniker Fachrichtung Elektrotechnik<\/li>\n\n\n\n<li>Technischer Fachwirt<\/li>\n\n\n\n<li>Studium (Voraussetzung Abitur oder Techniker- Abschluss)<\/li>\n\n\n\n<li>Ausbilder\/in<\/li>\n<\/ul>\n\n\n\n<h4 class=\"wp-block-heading\">Informationselektroniker\/innen<\/h4>\n\n\n\n<ul class=\"wp-block-list\">\n<li>realisieren Kundenauftr\u00e4ge, z.B. bei Telefon-, Sicherheits- und geb\u00e4udetechnischen Anlagen, bei Computerarbeitspl\u00e4tzen, Netzwerken u.\u00c4.<\/li>\n\n\n\n<li>installieren Hard- und Softwarekomponenten<\/li>\n\n\n\n<li>richten Programme, Zubeh\u00f6r sowie Netzwerke ein<\/li>\n\n\n\n<li>beraten und weisen Kunden ein<\/li>\n\n\n\n<li>warten und sichern Anlagen und Systeme und bieten Support f\u00fcr Kunden<\/li>\n\n\n\n<li>diagnostizieren und beheben Fehler und St\u00f6rungen der Hard- und Software, von PCs oder beispielsweise Satellitenanlagen in Unternehmen, privaten Geb\u00e4uden<\/li>\n<\/ul>\n\n\n\n<p><\/p>\n\n\n\n<p><strong>Weiterbildungsm\u00f6glichkeiten<\/strong><\/p>\n\n\n\n<ul class=\"wp-block-list\">\n<li>Informationstechnikermeister\/in<\/li>\n\n\n\n<li>Elektrotechnikmeister<\/li>\n\n\n\n<li>Techniker Fachrichtung Elektrotechnik<\/li>\n\n\n\n<li>Techniker Fachrichtung Geb\u00e4udesystemtechnik<\/li>\n\n\n\n<li>Technischer Fachwirt<\/li>\n\n\n\n<li>Studium Informations-, Kommunikations- oder Elektrotechnik (bei Vorlage Abitur oder Techniker-Abschluss)<\/li>\n\n\n\n<li>Ausbilder\/in<\/li>\n<\/ul>\n\n\n\n<div class=\"wp-block-group alignwide has-tiny-font-size is-vertical is-content-justification-left is-layout-flex wp-container-core-group-is-layout-dd225191 wp-block-group-is-layout-flex\" style=\"border-radius:0px\">\n<div id=\"wp-block-themeisle-blocks-advanced-columns-6d6b2542\" class=\"wp-block-themeisle-blocks-advanced-columns alignwide has-1-columns has-desktop-equal-layout has-tablet-equal-layout has-mobile-equal-layout has-vertical-unset\"><div class=\"wp-block-themeisle-blocks-advanced-columns-overlay\"><\/div><div class=\"innerblocks-wrap\">\n<div id=\"wp-block-themeisle-blocks-advanced-column-d0b64815\" class=\"wp-block-themeisle-blocks-advanced-column\"><\/div>\n<\/div><\/div>\n<\/div>\n<\/div>\n<\/div><\/div>\n\n\n\n<p><\/p>\n\n\n\n<div class=\"wp-block-group has-global-padding is-layout-constrained wp-block-group-is-layout-constrained\">\n<div class=\"wp-block-group has-global-padding is-layout-constrained wp-block-group-is-layout-constrained\">\n<h5 class=\"wp-block-heading\">Was machen eigentlich&#8230;?<\/h5>\n<\/div>\n\n\n\n<div class=\"wp-block-group has-global-padding is-layout-constrained wp-block-group-is-layout-constrained\">\n<h6 class=\"wp-block-heading\">Elektroniker\/innen f\u00fcr Energie- und Geb\u00e4udetechnik<\/h6>\n\n\n\n<ul class=\"wp-block-list\">\n<li class=\"has-tiny-font-size\">konzipieren, installieren, warten und reparieren elektronische Ger\u00e4te und Systeme, einschlie\u00dflich Kundenservice<\/li>\n\n\n\n<li class=\"has-tiny-font-size\">arbeiten mit energie- und geb\u00e4udetechnischen Anlagen und Systemen<\/li>\n\n\n\n<li class=\"has-tiny-font-size\">installieren u.a. Zugangskontroll- und Sicherheitseinrichtungen, Klima- und Sonnenschutzanlagen<\/li>\n\n\n\n<li class=\"has-tiny-font-size\">pr\u00fcfen Sicherheits- und Schutzfunktionen von elektrischen Anlagen<\/li>\n\n\n\n<li class=\"has-tiny-font-size\">arbeiten auf Montagebaustellen, z.B. Rohbauten gewerblicher und industrieller Immobilien<\/li>\n\n\n\n<li class=\"has-tiny-font-size\">planen und realisieren selbst\u00e4ndig Auftr\u00e4ge serviceorientiert f\u00fcr Kunden vor Ort<\/li>\n<\/ul>\n\n\n\n<p class=\"has-tiny-font-size\"><strong>Weiterbildungsm\u00f6glichkeiten<\/strong><\/p>\n\n\n\n<ul class=\"wp-block-list\">\n<li class=\"has-tiny-font-size\">Industriemeister Fachrichtung Elektrotechnik<\/li>\n\n\n\n<li class=\"has-tiny-font-size\">Techniker Fachrichtung Elektrotechnik<\/li>\n\n\n\n<li class=\"has-tiny-font-size\">Technischer Fachwirt<\/li>\n\n\n\n<li class=\"has-tiny-font-size\">Studium (Voraussetzung Abitur oder Techniker- Abschluss)<\/li>\n\n\n\n<li class=\"has-tiny-font-size\">Ausbilder\/in<\/li>\n<\/ul>\n\n\n\n<p><\/p>\n\n\n\n<h6 class=\"wp-block-heading\">Informationselektroniker\/innen<\/h6>\n\n\n\n<ul class=\"wp-block-list\">\n<li class=\"has-tiny-font-size\">realisieren Kundenauftr\u00e4ge, z.B. bei Telefon-, Sicherheits- und geb\u00e4udetechnischen Anlagen, bei Computerarbeitspl\u00e4tzen, Netzwerken u.\u00c4.<\/li>\n\n\n\n<li class=\"has-tiny-font-size\">installieren Hard- und Softwarekomponenten<\/li>\n\n\n\n<li class=\"has-tiny-font-size\">richten Programme, Zubeh\u00f6r sowie Netzwerke ein<\/li>\n\n\n\n<li class=\"has-tiny-font-size\">beraten und weisen Kunden ein<\/li>\n\n\n\n<li class=\"has-tiny-font-size\">warten und sichern Anlagen und Systeme und bieten Support f\u00fcr Kunden<\/li>\n\n\n\n<li class=\"has-tiny-font-size\">diagnostizieren und beheben Fehler und St\u00f6rungen der Hard- und Software, von PCs oder beispielsweise Satellitenanlagen in Unternehmen, privaten Geb\u00e4uden<\/li>\n<\/ul>\n\n\n\n<p><\/p>\n\n\n\n<p class=\"has-tiny-font-size\"><strong>Weiterbildungsm\u00f6glichkeiten<\/strong><\/p>\n\n\n\n<ul class=\"wp-block-list\">\n<li class=\"has-tiny-font-size\">Informationstechnikermeister\/in<\/li>\n\n\n\n<li class=\"has-tiny-font-size\">Elektrotechnikmeister<\/li>\n\n\n\n<li class=\"has-tiny-font-size\">Techniker Fachrichtung Elektrotechnik<\/li>\n\n\n\n<li class=\"has-tiny-font-size\">Techniker Fachrichtung Geb\u00e4udesystemtechnik<\/li>\n\n\n\n<li class=\"has-tiny-font-size\">Technischer Fachwirt<\/li>\n\n\n\n<li class=\"has-tiny-font-size\">Studium Informations-, Kommunikations- oder Elektrotechnik (bei Vorlage Abitur oder Techniker-Abschluss)<\/li>\n\n\n\n<li class=\"has-tiny-font-size\">Ausbilder\/in<\/li>\n<\/ul>\n<\/div>\n<\/div>\n","protected":false},"excerpt":{"rendered":"<p>Fachbereich Elektro Was machen eigentlich&#8230;? Elektroniker\/innen f\u00fcr Energie- und Geb\u00e4udetechnik Weiterbildungsm\u00f6glichkeiten Informationselektroniker\/innen Weiterbildungsm\u00f6glichkeiten<\/p>\n","protected":false},"author":1,"featured_media":0,"parent":0,"menu_order":0,"comment_status":"closed","ping_status":"closed","template":"template-no-title","meta":{"_themeisle_gutenberg_block_has_review":false,"footnotes":""},"class_list":["post-2076","page","type-page","status-publish","hentry"],"_links":{"self":[{"href":"https:\/\/osz-teltow.de\/index.php\/wp-json\/wp\/v2\/pages\/2076","targetHints":{"allow":["GET"]}}],"collection":[{"href":"https:\/\/osz-teltow.de\/index.php\/wp-json\/wp\/v2\/pages"}],"about":[{"href":"https:\/\/osz-teltow.de\/index.php\/wp-json\/wp\/v2\/types\/page"}],"author":[{"embeddable":true,"href":"https:\/\/osz-teltow.de\/index.php\/wp-json\/wp\/v2\/users\/1"}],"replies":[{"embeddable":true,"href":"https:\/\/osz-teltow.de\/index.php\/wp-json\/wp\/v2\/comments?post=2076"}],"version-history":[{"count":10,"href":"https:\/\/osz-teltow.de\/index.php\/wp-json\/wp\/v2\/pages\/2076\/revisions"}],"predecessor-version":[{"id":2148,"href":"https:\/\/osz-teltow.de\/index.php\/wp-json\/wp\/v2\/pages\/2076\/revisions\/2148"}],"wp:attachment":[{"href":"https:\/\/osz-teltow.de\/index.php\/wp-json\/wp\/v2\/media?parent=2076"}],"curies":[{"name":"wp","href":"https:\/\/api.w.org\/{rel}","templated":true}]}}