{"id":2056,"date":"2024-05-27T16:36:20","date_gmt":"2024-05-27T14:36:20","guid":{"rendered":"http:\/\/osz.filmbildung-brandenburg.de\/start\/?page_id=2056"},"modified":"2024-05-27T16:52:40","modified_gmt":"2024-05-27T14:52:40","slug":"kfz","status":"publish","type":"page","link":"https:\/\/osz-teltow.de\/index.php\/kfz\/","title":{"rendered":"KFZ"},"content":{"rendered":"\n<h2 class=\"wp-block-heading alignwide has-text-align-center\">Fachbereich KFZ<\/h2>\n\n\n\n<div style=\"height:73px\" aria-hidden=\"true\" class=\"wp-block-spacer\"><\/div>\n\n\n\n<figure class=\"wp-block-image alignwide size-large\"><img loading=\"lazy\" decoding=\"async\" width=\"2048\" height=\"1152\" src=\"http:\/\/osz.filmbildung-brandenburg.de\/wp-content\/uploads\/2024\/05\/Firefly-Kfz-Mechatroniker-maennliche-und-weibliche-Facharbeiter-bei-einer-typischen-Arbeitsroutine-mi-edited.jpg\" alt=\"\" class=\"wp-image-2058\" srcset=\"https:\/\/osz-teltow.de\/wp-content\/uploads\/2024\/05\/Firefly-Kfz-Mechatroniker-maennliche-und-weibliche-Facharbeiter-bei-einer-typischen-Arbeitsroutine-mi-edited.jpg 2048w, https:\/\/osz-teltow.de\/wp-content\/uploads\/2024\/05\/Firefly-Kfz-Mechatroniker-maennliche-und-weibliche-Facharbeiter-bei-einer-typischen-Arbeitsroutine-mi-edited-300x169.jpg 300w, https:\/\/osz-teltow.de\/wp-content\/uploads\/2024\/05\/Firefly-Kfz-Mechatroniker-maennliche-und-weibliche-Facharbeiter-bei-einer-typischen-Arbeitsroutine-mi-edited-1024x576.jpg 1024w, https:\/\/osz-teltow.de\/wp-content\/uploads\/2024\/05\/Firefly-Kfz-Mechatroniker-maennliche-und-weibliche-Facharbeiter-bei-einer-typischen-Arbeitsroutine-mi-edited-768x432.jpg 768w, https:\/\/osz-teltow.de\/wp-content\/uploads\/2024\/05\/Firefly-Kfz-Mechatroniker-maennliche-und-weibliche-Facharbeiter-bei-einer-typischen-Arbeitsroutine-mi-edited-1536x864.jpg 1536w\" sizes=\"auto, (max-width: 2048px) 100vw, 2048px\" \/><\/figure>\n\n\n\n<div id=\"wp-block-themeisle-blocks-advanced-columns-1ef31132\" class=\"wp-block-themeisle-blocks-advanced-columns alignwide has-2-columns has-desktop-equal-layout has-tablet-equal-layout hide-in-mobile has-vertical-unset\"><div class=\"wp-block-themeisle-blocks-advanced-columns-overlay\"><\/div><div class=\"innerblocks-wrap\">\n<div id=\"wp-block-themeisle-blocks-advanced-column-da7dc85f\" class=\"wp-block-themeisle-blocks-advanced-column\">\n<h3 class=\"wp-block-heading\"><strong>WAS MACHEN EIGENTLICH&#8230;?<\/strong><\/h3>\n<\/div>\n\n\n\n<div id=\"wp-block-themeisle-blocks-advanced-column-2f29382b\" class=\"wp-block-themeisle-blocks-advanced-column\">\n<h3 class=\"wp-block-heading\"><strong>Kraftfahrzeugmechatroniker\/innen<\/strong><\/h3>\n\n\n\n<ul class=\"wp-block-list\">\n<li>f\u00fchren Inspektionen des Fahrzeugcomputers und der elektrotechnischen Systeme wie&nbsp; D\u00e4mpfungs-, Niveauregelungs- und Fahrerassistenzsysteme zur Fehleranalyse durch und beheben diese, z. B. von Pkw, Bussen oder Lkw&nbsp;<\/li>\n\n\n\n<li>f\u00fchren Fahrwerksvermessungen durch<\/li>\n\n\n\n<li>pr\u00fcfen die Befestigungspunkte von An- oder Aufbauten und kontrollieren bewegliche Einrichtungen wie Greifarme<\/li>\n\n\n\n<li>f\u00fchren standardisierte Wartungs- und Aufr\u00fcstungsarbeiten durch, um die Funktionsf\u00e4higkeit und die Langlebigkeit des Fahrzeugs zu gew\u00e4hrleisten, z.B. \u00d6l- und Filterwechsel, \u00dcberpr\u00fcfung von Schmierstoffen, Brems- bzw. Hydraulikfl\u00fcssigkeiten&nbsp;<\/li>\n\n\n\n<li>f\u00fchren Probefahrten und Abgasmessungen durch<\/li>\n\n\n\n<li>bauen auf Wunsch Zusatzeinrichtungen ein, z.B. Abstandsmesser, Navigationsger\u00e4te, Funk- oder Freisprechanlagen&nbsp;<\/li>\n\n\n\n<li>sorgen f\u00fcr die Erhaltung eines guten Zustandes der Ger\u00e4te und Werkzeuge sowie die Sauberkeit und Pflege des Arbeitsplatzes<\/li>\n\n\n\n<li>protokollieren notwendige Arbeiten und Probleme<\/li>\n<\/ul>\n\n\n\n<p><\/p>\n\n\n\n<p><strong>Weiterbildungsm\u00f6glichkeiten<\/strong><\/p>\n\n\n\n<ul class=\"wp-block-list\">\n<li>Staatlich gepr\u00fcfter Techniker Fachrichtung Mechatronik<\/li>\n\n\n\n<li>Meister-Diplom, mit dieser Voraussetzung Studium, u.a. Maschinenbau, Fahrzeugtechnik, BWL im Kfz-Gewerbe<\/li>\n\n\n\n<li>Technischer Fachwirt<\/li>\n\n\n\n<li>Betriebswirt im Kfz-Handwerk HWK<\/li>\n\n\n\n<li>Industrie- und Betriebswirt&nbsp;<\/li>\n\n\n\n<li>Gepr\u00fcfter KFZ-Servicetechniker&nbsp;&nbsp;<\/li>\n\n\n\n<li>Ausbilder\/in<\/li>\n<\/ul>\n<\/div>\n<\/div><\/div>\n\n\n\n<div class=\"wp-block-group alignwide has-tiny-font-size is-vertical is-content-justification-left is-layout-flex wp-container-core-group-is-layout-dd225191 wp-block-group-is-layout-flex\">\n<div class=\"wp-block-group has-global-padding is-layout-constrained wp-block-group-is-layout-constrained\">\n<h5 class=\"wp-block-heading\">Was machen eigentlich&#8230;?<\/h5>\n<\/div>\n\n\n\n<div class=\"wp-block-group has-global-padding is-layout-constrained wp-block-group-is-layout-constrained\">\n<h6 class=\"wp-block-heading\">Kraftfahrzeugmechatroniker\/innen<\/h6>\n\n\n\n<ul class=\"wp-block-list\">\n<li>f\u00fchren Inspektionen des Fahrzeugcomputers und der elektrotechnischen Systeme wie&nbsp; D\u00e4mpfungs-, Niveauregelungs- und Fahrerassistenzsysteme zur Fehleranalyse durch und beheben diese, z. B. von Pkw, Bussen oder Lkw&nbsp;<\/li>\n\n\n\n<li>f\u00fchren Fahrwerksvermessungen durch<\/li>\n\n\n\n<li>pr\u00fcfen die Befestigungspunkte von An- oder Aufbauten und kontrollieren bewegliche Einrichtungen wie Greifarme<\/li>\n\n\n\n<li>f\u00fchren standardisierte Wartungs- und Aufr\u00fcstungsarbeiten durch, um die Funktionsf\u00e4higkeit und die Langlebigkeit des Fahrzeugs zu gew\u00e4hrleisten, z.B. \u00d6l- und Filterwechsel, \u00dcberpr\u00fcfung von Schmierstoffen, Brems- bzw. Hydraulikfl\u00fcssigkeiten&nbsp;<\/li>\n\n\n\n<li>f\u00fchren Probefahrten und Abgasmessungen durch<\/li>\n\n\n\n<li>bauen auf Wunsch Zusatzeinrichtungen ein, z.B. Abstandsmesser, Navigationsger\u00e4te, Funk- oder Freisprechanlagen&nbsp;<\/li>\n\n\n\n<li>sorgen f\u00fcr die Erhaltung eines guten Zustandes der Ger\u00e4te und Werkzeuge sowie die Sauberkeit und Pflege des Arbeitsplatzes<\/li>\n\n\n\n<li>protokollieren notwendige Arbeiten und Probleme<\/li>\n<\/ul>\n\n\n\n<p><\/p>\n\n\n\n<p><strong>Weiterbildungsm\u00f6glichkeiten<\/strong><\/p>\n\n\n\n<ul class=\"wp-block-list\">\n<li>Staatlich gepr\u00fcfter Techniker Fachrichtung Mechatronik<\/li>\n\n\n\n<li>Meister-Diplom, mit dieser Voraussetzung Studium, u.a. Maschinenbau, Fahrzeugtechnik, BWL im Kfz-Gewerbe<\/li>\n\n\n\n<li>Technischer Fachwirt<\/li>\n\n\n\n<li>Betriebswirt im Kfz-Handwerk HWK<\/li>\n\n\n\n<li>Industrie- und Betriebswirt&nbsp;<\/li>\n\n\n\n<li>Gepr\u00fcfter KFZ-Servicetechniker&nbsp;&nbsp;<\/li>\n\n\n\n<li>Ausbilder\/in<\/li>\n<\/ul>\n<\/div>\n\n\n\n<div id=\"wp-block-themeisle-blocks-advanced-columns-6d6b2542\" class=\"wp-block-themeisle-blocks-advanced-columns alignwide has-1-columns has-desktop-equal-layout has-tablet-equal-layout has-mobile-equal-layout has-vertical-unset\"><div class=\"wp-block-themeisle-blocks-advanced-columns-overlay\"><\/div><div class=\"innerblocks-wrap\">\n<div id=\"wp-block-themeisle-blocks-advanced-column-d0b64815\" class=\"wp-block-themeisle-blocks-advanced-column\"><\/div>\n<\/div><\/div>\n<\/div>\n","protected":false},"excerpt":{"rendered":"<p>Fachbereich KFZ Was machen eigentlich&#8230;? Kraftfahrzeugmechatroniker\/innen Weiterbildungsm\u00f6glichkeiten<\/p>\n","protected":false},"author":1,"featured_media":0,"parent":0,"menu_order":0,"comment_status":"closed","ping_status":"closed","template":"template-no-title","meta":{"_themeisle_gutenberg_block_has_review":false,"footnotes":""},"class_list":["post-2056","page","type-page","status-publish","hentry"],"_links":{"self":[{"href":"https:\/\/osz-teltow.de\/index.php\/wp-json\/wp\/v2\/pages\/2056","targetHints":{"allow":["GET"]}}],"collection":[{"href":"https:\/\/osz-teltow.de\/index.php\/wp-json\/wp\/v2\/pages"}],"about":[{"href":"https:\/\/osz-teltow.de\/index.php\/wp-json\/wp\/v2\/types\/page"}],"author":[{"embeddable":true,"href":"https:\/\/osz-teltow.de\/index.php\/wp-json\/wp\/v2\/users\/1"}],"replies":[{"embeddable":true,"href":"https:\/\/osz-teltow.de\/index.php\/wp-json\/wp\/v2\/comments?post=2056"}],"version-history":[{"count":6,"href":"https:\/\/osz-teltow.de\/index.php\/wp-json\/wp\/v2\/pages\/2056\/revisions"}],"predecessor-version":[{"id":2087,"href":"https:\/\/osz-teltow.de\/index.php\/wp-json\/wp\/v2\/pages\/2056\/revisions\/2087"}],"wp:attachment":[{"href":"https:\/\/osz-teltow.de\/index.php\/wp-json\/wp\/v2\/media?parent=2056"}],"curies":[{"name":"wp","href":"https:\/\/api.w.org\/{rel}","templated":true}]}}